 6. Let j(r) = -68*r - 952. Let v be j(-14). What is y(v)?
6
Let t(w) be the first derivative of 10 + 2/3*w**4 - 1/20*w**5 - 10*w - 5/6*w**3 - 9/2*w**2. Let s(b) be the first derivative of t(b). Determine s(7).
5
Let k(i) = -i**2 - 13*i - 15. Let v = -49 + 38. Calculate k(v).
7
Let u(t) be the second derivative of t**4/12 + 7*t**3/6 + 9*t**2/2 + 14*t - 3. Let p = -3 - 4. Calculate u(p).
9
Let f(b) = -b**3 + 23*b**2 - 19*b - 64. Let w be f(22). Let g(d) = -7*d + 2. Give g(w).
-12
Let p(z) = 5*z**3 + z + 1. Let n be p(-1). Let s(o) be the third derivative of -o**4/24 - o**3/2 + o**2 + 29*o. Determine s(n).
2
Let f(q) = 20*q**2 - 3*q - 2. Let l be f(2). Let y(v) = l - 38 + v - 35. What is y(-2)?
-3
Let a(g) = -10*g**2 - 2*g - 1. Let f(c) = -3*c + 2. Let m = 16 - 15. Let z be f(m). Calculate a(z).
-9
Let p(y) = 2*y - 1. Let t(d) = 5*d - 15. Let f(q) = -15*p(q) + t(q). Determine f(-1).
25
Suppose 0 = 2*h - 2, 5*v + 3 = 2*h + h. Suppose v = -z - 1 + 5. Suppose -2*y + 18 - z = 0. Let m(t) = -t**2 + 7*t. What is m(y)?
0
Suppose -43 = 3*y + 2*g, -2*y + 40 = -7*y + 3*g. Let c(p) = -p**3 - 11*p**2 - 2*p + 3. Determine c(y).
25
Let s(y) be the first derivative of y**4/4 - 7*y**3/3 + y**2 - 8*y - 15. Let j be s(7). Let g(l) = -l + 7. What is g(j)?
1
Let z = -48 + 50. Let u(i) = 41*i**2 + i**3 - 2*i + 42*i**z - 84*i**2. Determine u(2).
0
Let w(r) be the first derivative of 21 - 1/3*r**3 - 7/4*r**4 + 0*r**2 + 0*r. Calculate w(-1).
6
Let a(n) be the first derivative of -n**4/4 + 8*n**3/3 - 3*n**2 + 6*n - 57. Give a(7).
13
Let m(t) = t**2 + 9*t + 2. Let n(b) = -b - 1. Let d(i) = -m(i) - 5*n(i). Determine d(2).
-9
Let u(r) be the first derivative of 0*r - 1/2*r**2 + 11. Let h be u(-2). Let t(l) = -3*l**2 + l - 1. Give t(h).
-11
Let f(p) be the second derivative of -p**3/3 + p**2 + 5*p. Let a = -14 + -10. Let u = a + 22. Calculate f(u).
6
Suppose 2*h + 10 - 16 = 0. Let z(l) = 3*l - 2*l + h*l - 7 + l. Determine z(5).
18
Suppose 0 = 19*x - 22*x + 9. Suppose 0 = 5*d - 3*d + 2*a - 2, d = 3*a + 13. Let h(f) = -2*f + d*f + 2*f - 2 + 0*f. What is h(x)?
10
Let b(f) be the second derivative of f**5/60 - f**4/3 + 5*f**3/6 + f**2 + 7*f. Let q(j) be the first derivative of b(j). Determine q(6).
-7
Let t(h) = -h**2 - 11*h - 7. Let d be 6/10 + 12/(-20). Suppose 27 = -3*y - d*q + 3*q, 4*y + q = -41. Determine t(y).
3
Let q(f) = 11*f**2 - 5*f + 14. Let j(x) = -7*x**2 + 3*x - 9. Let k(p) = -8*j(p) - 5*q(p). Suppose 2*o - 3 = o. Let v be (2 - o)*1 + -1. Give k(v).
4
Let m(d) be the second derivative of d**4/12 + 2*d**3 - 7*d**2/2 + 47*d. Determine m(-10).
-27
Let h(m) = m**2 - 12*m + 4. Let y(n) = n**2 + 8*n + 11. Let v be y(-8). Calculate h(v).
-7
Let a(z) = -z**3 + 4*z**2 + 3*z + 1. Let m(g) = g**3 - g**2. Let u be m(1). Suppose -d = 2*b - 5*d - 22, -4*b - 2*d + 14 = u. What is a(b)?
-9
Let b(h) = -4*h**3 - 2 - 7*h + 0*h - 10*h + 15*h + 3*h**3 - 4*h**2. What is b(-3)?
-5
Let r(a) be the third derivative of 0*a + 0 + 1/6*a**4 + 1/60*a**5 + 16*a**2 - 1/3*a**3. Let f be (1 - (-2)/3)*-3. Determine r(f).
3
Let z(a) = -4*a - 1. Suppose -4*g + 84 + 52 = 0. Let p = -32 + g. Determine z(p).
-9
Suppose 3*x - 5 = 5*y, 3*x = -2*y + 9 + 10. Let d(l) = -l**3 + 4*l**2 - 2. What is d(y)?
6
Let p(w) be the second derivative of w**3/2 + 3*w**2 - 284*w. Let u(d) = d**3 - 2*d**2 - 2*d - 4. Let l be u(3). Let a be ((-2)/(-5))/(l/10). Determine p(a).
-6
Let y(h) = 7*h**3 - 11*h**2 - 21*h + 14. Let k(l) = -6*l**3 + 10*l**2 + 19*l - 15. Let i(a) = -6*k(a) - 5*y(a). What is i(6)?
2
Let z(h) = 3*h**2 + 7*h + 9. Let i be z(-4). Suppose 5*c + 1 = f, -5*f + f + i = 5*c. Suppose 5*u = f*u - 6. Let y(n) = -n + 13. Give y(u).
7
Let g be (0 + (3 - 0))/((-81)/(-189)). Let d(o) = -290*o - o**2 + g + 151*o + 145*o. Calculate d(7).
0
Let r(n) = 108*n + 10 - 129*n - 9. Determine r(-1).
22
Let k(t) be the second derivative of t**4/12 - t**3 - 11*t**2 - 8*t + 46. Calculate k(-5).
33
Suppose -x + 2 = -1. Let v(g) = -5*g**2 + 5 + 4*g**2 + 0 + x*g. Give v(6).
-13
Let m be (2/(-1))/((-6)/15). Let y = -1 + m. Suppose y*c + 26 = 2. Let b(k) = k**3 + 6*k**2 + 3*k + 6. Calculate b(c).
-12
Let l(t) = 23*t**3 - 2*t**2 - 3*t - 2. Let i(m) = -m**3 + 4*m**2 - m + 3. Let z be i(4). Determine l(z).
-24
Let z(u) = u**2 + 1. Let n(k) = -5*k**2 - 9*k - 1. Let w(x) = -n(x) - 6*z(x). Let i = -915 + 923. Calculate w(i).
3
Let y = -767 - -766. Let u(d) = -17*d**2 - d. Give u(y).
-16
Let o(s) = 79*s - 15*s**2 - 28*s - 28*s - 25*s. Determine o(-1).
-13
Let k(f) = 0 + 11 + 0 + 6*f + f**2 - 6. Suppose -4*u - 2*w = -24, -12 + 42 = 5*u + 4*w. Let m be 3/u + 18/(-4). Determine k(m).
-3
Let d(i) = -i - i + i + 0. Let t(b) = 2*b**2 - b - 1. Let x be t(1). Suppose -5*v - 4*v - 27 = x. What is d(v)?
3
Let x be 69 + (-8)/(-6) + (-2)/(-3). Suppose x = -5*s + 66. Let q(w) be the third derivative of -7*w**6/120 - w**5/30 - w**4/24 + w**2. Calculate q(s).
6
Let w(r) = -389*r - 280. Let z(x) = 137*x + 93. Let y(b) = 6*w(b) + 17*z(b). Give y(-19).
-4
Let y(n) = -41*n - 118. Let k be y(-3). Let m(s) = -s + 7. Give m(k).
2
Suppose 0 = -3*s + 4*s - 3*c - 23, -4*s - 3*c = -62. Let a = -21 + s. Let t(m) = 2*m**2 + 5*m - m**2 + 2 - m. Calculate t(a).
2
Let y(n) = n + 2. Let a(r) = -2*r**2 - 67*r**3 + 62*r**3 + 2*r**2. Let s be a(-1). Determine y(s).
7
Let l(y) = -y**2 + 3*y**2 + 352*y - 343*y - y**2 - 46. Determine l(-13).
6
Let n(u) = u**3 + 7*u**2 + 3*u - 8. Let z(l) = 3*l**3 + 15*l**2 + 6*l - 16. Let o(m) = 5*n(m) - 2*z(m). Calculate o(4).
20
Let f be 0 - (1 - 1)/(7 - 10). Let d(p) be the first derivative of 4 + 1/2*p**2 + p**3 + f*p. Give d(1).
4
Let z(v) = -2*v**2 - 111 + 3*v**2 + 0*v**3 + 6*v**3 + 2*v - 110 + 224. What is z(-2)?
-45
Let m(r) = r**3 - 5*r**2 + r + 1. Let n be (-92)/10 + 2/10. Let y(u) = u**2 + 11*u + 22. Let v be y(n). Calculate m(v).
-11
Let g(o) = -o**2 + 8*o + 3. Let p(l) = l**2 - 8*l - 2. Let z(c) = 5*g(c) + 6*p(c). What is z(10)?
23
Let z(p) = 9 + 6 + 5 - 18 + p. Determine z(-8).
-6
Suppose -z + 4*r = -28, -5*z - 5*r + 12 + 28 = 0. Suppose -5*u - 12 = 2*a, -u = -2*a - 0*u + z. Let d(j) = 13 + 4*j**2 - 19 + 0*j**3 - j**3 + a*j. Give d(4).
10
Let t(d) = 2*d + 30. Suppose n + 4 + 10 = 0. Let f be t(n). Let w(g) = -g**2. Determine w(f).
-4
Let q = -8796 - -8792. Let v(l) = 2*l**2 - 6*l + 1. Let r(f) = -5*f**2 + 18*f - 2. Let a(i) = 3*r(i) + 8*v(i). Determine a(q).
-6
Let a = 16 + -7. Let g(w) = 29*w - 13. Let x(d) = -7*d + 3. Let z(p) = a*x(p) + 2*g(p). Give z(-4).
21
Let n(y) be the first derivative of y**4/12 - 2*y**3/3 + 6*y**2 - 10. Let v(x) be the second derivative of n(x). Determine v(7).
10
Let f = -22 + 28. Suppose -f*u = -16*u + 20. Let h(k) = -2*k + 3. Determine h(u).
-1
Suppose 0*v + 4*x = v + 19, 0 = -5*v + 5*x - 20. Let o(y) = -v + 1 + 0*y**3 - 2*y + y**3. Calculate o(-2).
-4
Let x(m) = m**2 - m + 1. Let f(i) = -3*i**2 + 5*i - 1. Let p(q) = -f(q) - x(q). Suppose -132*y + 93 = -303. Determine p(y).
6
Suppose -2*o = -6 - 4. Let w(h) = -3*h - 5. Let f(l) = -3*l - 6. Let a(j) = o*w(j) - 4*f(j). Determine a(2).
-7
Let d(c) = c**2 + 0 - 1882*c**3 - 11*c**2 + 1881*c**3 + 13*c + 8. Give d(-11).
-14
Let j(z) = 7*z**2 - 2*z + 4. Let n(u) = u**2 + 18*u - 18*u. Let w(i) = -j(i) + 6*n(i). Let f(p) = -4*p - 1. Let t be f(-1). Give w(t).
-7
Let u(o) = o - 1. Suppose 0 = 2*s - 12 + 6. Let j be u(s). Let y(x) = -2*x**3 + 2*x**2 - 2. Calculate y(j).
-10
Let j(o) = -5*o**3 - 4*o**2 + 2*o + 5. Let p(s) = -s**3 - s**2 + 1. Let w(c) = -j(c) + 4*p(c). Let k = 752 - 750. Determine w(k).
3
Let v(c) = 2*c**2 + 2*c - 2. Suppose 778*s = 789*s - 33. Give v(s).
22
Let t(w) = w**2 + 8*w - 8. Let s(n) = -n**3 + 10*n**2 - 13*n + 29. Let p be s(9). What is t(p)?
-15
Let t be 11/22*(-9 - 1)*1. Let r(s) = -s**2 - 3*s + 5. Give r(t).
-5
Suppose 6 = 3*f, f + 0*f = -4*c - 26. Let b(x) = x + 8. Determine b(c).
1
Let y(g) = -g - 2. Let k = -13 + 9. Let x = k - 8. Let f be 39/9 - 8/x. Calculate y(f).
-7
Let j(h) = 3*h. Let m be 32/28 - 1/7. Let w = m - -3. What is j(w)?
12
Let x(t) = -1311*t - 2*t**3 + 1314*t - 8 + 3*t**3 - 9*t**2. What is x(9)?
19
Let t(b) = -5*b + 5. Let a(m) = 2*m + 9 - 15 - 3*m + 7. Let s(l) = 11*a(l) - 2*t(l). Determine s(4).
-3
Let a(l) = -l**2 + 4. Suppose -12*z - 13 = -37. Let p be a(z). Let q(y) = -y - 12. Give q(p).
-12
Let r(d) = d**2 